{"id":6,"date":"2022-07-11T13:03:51","date_gmt":"2022-07-11T13:03:51","guid":{"rendered":"https:\/\/www.legaragedumetal.fr\/?page_id=6"},"modified":"2024-03-04T11:41:08","modified_gmt":"2024-03-04T10:41:08","slug":"presentation","status":"publish","type":"page","link":"https:\/\/www.legaragedumetal.fr\/index.php\/presentation\/","title":{"rendered":"Pr\u00e9sentation"},"content":{"rendered":"\t\t<div data-elementor-type=\"wp-page\" data-elementor-id=\"6\" class=\"elementor elementor-6\">\n\t\t\t\t\t\t<section class=\"elementor-section elementor-top-section elementor-element elementor-element-84f35f0 elementor-section-boxed elementor-section-height-default elementor-section-height-default\" data-id=\"84f35f0\" data-element_type=\"section\" data-e-type=\"section\">\n\t\t\t\t\t\t<div class=\"elementor-container elementor-column-gap-default\">\n\t\t\t\t\t<div class=\"elementor-column elementor-col-100 elementor-top-column elementor-element elementor-element-a1c227b\" data-id=\"a1c227b\" data-element_type=\"column\" data-e-type=\"column\">\n\t\t\t<div class=\"elementor-widget-wrap elementor-element-populated\">\n\t\t\t\t\t\t<div class=\"elementor-element elementor-element-9c2d77b elementor-widget elementor-widget-heading\" data-id=\"9c2d77b\" data-element_type=\"widget\" data-e-type=\"widget\" data-widget_type=\"heading.default\">\n\t\t\t\t<div class=\"elementor-widget-container\">\n\t\t\t\t\t<h2 class=\"elementor-heading-title elementor-size-default\">Pr\u00e9sentation<\/h2>\t\t\t\t<\/div>\n\t\t\t\t<\/div>\n\t\t\t\t\t<\/div>\n\t\t<\/div>\n\t\t\t\t\t<\/div>\n\t\t<\/section>\n\t\t\t\t<section class=\"elementor-section elementor-top-section elementor-element elementor-element-6f0be24 elementor-section-boxed elementor-section-height-default elementor-section-height-default\" data-id=\"6f0be24\" data-element_type=\"section\" data-e-type=\"section\">\n\t\t\t\t\t\t<div class=\"elementor-container elementor-column-gap-default\">\n\t\t\t\t\t<div class=\"elementor-column elementor-col-50 elementor-top-column elementor-element elementor-element-1233d87\" data-id=\"1233d87\" data-element_type=\"column\" data-e-type=\"column\">\n\t\t\t<div class=\"elementor-widget-wrap elementor-element-populated\">\n\t\t\t\t\t\t<div class=\"elementor-element elementor-element-41f89ce elementor-widget elementor-widget-text-editor\" data-id=\"41f89ce\" data-element_type=\"widget\" data-e-type=\"widget\" data-widget_type=\"text-editor.default\">\n\t\t\t\t<div class=\"elementor-widget-container\">\n\t\t\t\t\t\t\t\t\t<p>Envie d&rsquo;envoyer des gros riffs et des solos endiabl\u00e9s ?<\/p>\n<p>Vous aimeriez apprendre la guitare \u00e9lectrique pour jouer du Metal et trouver un professeur qui a fait de ce style sa passion ?<\/p>\n<p>Que vous soyez d\u00e9butant, interm\u00e9diaire ou confirm\u00e9, Le Garage Du Metal propose des cours adapt\u00e9s aux diff\u00e9rents niveaux et dans lesquels vos besoins seront au centre de la p\u00e9dagogie.<\/p>\t\t\t\t\t\t\t\t<\/div>\n\t\t\t\t<\/div>\n\t\t\t\t\t<\/div>\n\t\t<\/div>\n\t\t\t\t<div class=\"elementor-column elementor-col-50 elementor-top-column elementor-element elementor-element-c300e61\" data-id=\"c300e61\" data-element_type=\"column\" data-e-type=\"column\">\n\t\t\t<div class=\"elementor-widget-wrap elementor-element-populated\">\n\t\t\t\t\t\t<div class=\"elementor-element elementor-element-53a7c32 elementor-widget elementor-widget-image\" data-id=\"53a7c32\" data-element_type=\"widget\" data-e-type=\"widget\" data-widget_type=\"image.default\">\n\t\t\t\t<div class=\"elementor-widget-container\">\n\t\t\t\t\t\t\t\t\t\t\t\t\t\t\t<img fetchpriority=\"high\" decoding=\"async\" width=\"278\" height=\"300\" src=\"https:\/\/www.legaragedumetal.fr\/wp-content\/uploads\/2022\/07\/Capture-rognee-278x300.png\" class=\"attachment-medium size-medium wp-image-97\" alt=\"Enseignant guitare \u00e9lectrique Metal 01120 Dagneux, 01120 La Boisse, 01120 Montluel, 01120 Ni\u00e9vroz, 01120 Thil, 01120 Pizay, 01120 Sainte Croix 01360 Balan, 01360 B\u00e9ligneux, 01360 Bressoles, 01360 Loyettes 01700 Beynost, 01700 Miribel, 01700 Neyron, 01700 Saint-Maurice de Beynost 01800 Saint-Maurice de Gourdans 38230 Charvieu Chavagneux, 38230 Chavanoz, 38230 Pont de Ch\u00e9ruy, 38230 Tigneu Jameyzieu 38280 Villette d&#039;Anthon, 38280 Anthon, 38280 Janneyrias 38290 Frontonas, 38290 La Verpill\u00e8re, 38290 Satolas et Bonce 69120 Vaulx en Velin 69124 Colombier Saugneu, 69125 69140 Rillieux la Pape 69150 Decines Charpieu 69330 Jonage, 69330 Jons, 69330 Meyzieu, 69330 Pusignan 69500 Bron 69680 Chassieu 69720 Saint-Bonnet de Mure, 69720 Saint-Laurent de Mure 69740 Genas 69800 Saint-Priest\" srcset=\"https:\/\/www.legaragedumetal.fr\/wp-content\/uploads\/2022\/07\/Capture-rognee-278x300.png 278w, https:\/\/www.legaragedumetal.fr\/wp-content\/uploads\/2022\/07\/Capture-rognee.png 417w\" sizes=\"(max-width: 278px) 100vw, 278px\" \/>\t\t\t\t\t\t\t\t\t\t\t\t\t\t\t<\/div>\n\t\t\t\t<\/div>\n\t\t\t\t\t<\/div>\n\t\t<\/div>\n\t\t\t\t\t<\/div>\n\t\t<\/section>\n\t\t\t\t<section class=\"elementor-section elementor-top-section elementor-element elementor-element-94324c4 elementor-section-boxed elementor-section-height-default elementor-section-height-default\" data-id=\"94324c4\" data-element_type=\"section\" data-e-type=\"section\">\n\t\t\t\t\t\t<div class=\"elementor-container elementor-column-gap-default\">\n\t\t\t\t\t<div class=\"elementor-column elementor-col-100 elementor-top-column elementor-element elementor-element-6ff3161\" data-id=\"6ff3161\" data-element_type=\"column\" data-e-type=\"column\">\n\t\t\t<div class=\"elementor-widget-wrap elementor-element-populated\">\n\t\t\t\t\t\t<div class=\"elementor-element elementor-element-48dcb77 elementor-widget elementor-widget-button\" data-id=\"48dcb77\" data-element_type=\"widget\" data-e-type=\"widget\" data-widget_type=\"button.default\">\n\t\t\t\t<div class=\"elementor-widget-container\">\n\t\t\t\t\t\t\t\t\t<div class=\"elementor-button-wrapper\">\n\t\t\t\t\t<a class=\"elementor-button elementor-button-link elementor-size-sm\" href=\"index.php\/les-cours\/\">\n\t\t\t\t\t\t<span class=\"elementor-button-content-wrapper\">\n\t\t\t\t\t\t\t\t\t<span class=\"elementor-button-text\">En savoir plus sur les cours de guitare<\/span>\n\t\t\t\t\t<\/span>\n\t\t\t\t\t<\/a>\n\t\t\t\t<\/div>\n\t\t\t\t\t\t\t\t<\/div>\n\t\t\t\t<\/div>\n\t\t\t\t\t<\/div>\n\t\t<\/div>\n\t\t\t\t\t<\/div>\n\t\t<\/section>\n\t\t\t\t<section class=\"elementor-section elementor-top-section elementor-element elementor-element-ea8b27c elementor-section-boxed elementor-section-height-default elementor-section-height-default\" data-id=\"ea8b27c\" data-element_type=\"section\" data-e-type=\"section\">\n\t\t\t\t\t\t<div class=\"elementor-container elementor-column-gap-default\">\n\t\t\t\t\t<div class=\"elementor-column elementor-col-50 elementor-top-column elementor-element elementor-element-9d67660\" data-id=\"9d67660\" data-element_type=\"column\" data-e-type=\"column\">\n\t\t\t<div class=\"elementor-widget-wrap elementor-element-populated\">\n\t\t\t\t\t\t<div class=\"elementor-element elementor-element-8c8b284 elementor-widget elementor-widget-image\" data-id=\"8c8b284\" data-element_type=\"widget\" data-e-type=\"widget\" data-widget_type=\"image.default\">\n\t\t\t\t<div class=\"elementor-widget-container\">\n\t\t\t\t\t\t\t\t\t\t\t\t\t\t\t<img decoding=\"async\" width=\"640\" height=\"360\" src=\"https:\/\/www.legaragedumetal.fr\/wp-content\/uploads\/2022\/07\/DSC_0407-768x432.jpg\" class=\"attachment-medium_large size-medium_large wp-image-45\" alt=\"Salle de r\u00e9p\u00e9tition LGDM 01120 Dagneux, 01120 La Boisse, 01120 Montluel, 01120 Ni\u00e9vroz, 01120 Thil, 01120 Pizay, 01120 Sainte Croix 01360 Balan, 01360 B\u00e9ligneux, 01360 Bressoles, 01360 Loyettes 01700 Beynost, 01700 Miribel, 01700 Neyron, 01700 Saint-Maurice de Beynost 01800 Saint-Maurice de Gourdans 38230 Charvieu Chavagneux, 38230 Chavanoz, 38230 Pont de Ch\u00e9ruy, 38230 Tigneu Jameyzieu 38280 Villette d&#039;Anthon, 38280 Anthon, 38280 Janneyrias 38290 Frontonas, 38290 La Verpill\u00e8re, 38290 Satolas et Bonce 69120 Vaulx en Velin 69124 Colombier Saugneu, 69125 69140 Rillieux la Pape 69150 Decines Charpieu 69330 Jonage, 69330 Jons, 69330 Meyzieu, 69330 Pusignan 69500 Bron 69680 Chassieu 69720 Saint-Bonnet de Mure, 69720 Saint-Laurent de Mure 69740 Genas 69800 Saint-Priest\" srcset=\"https:\/\/www.legaragedumetal.fr\/wp-content\/uploads\/2022\/07\/DSC_0407-768x432.jpg 768w, https:\/\/www.legaragedumetal.fr\/wp-content\/uploads\/2022\/07\/DSC_0407-300x169.jpg 300w, https:\/\/www.legaragedumetal.fr\/wp-content\/uploads\/2022\/07\/DSC_0407-1024x576.jpg 1024w, https:\/\/www.legaragedumetal.fr\/wp-content\/uploads\/2022\/07\/DSC_0407.jpg 1080w\" sizes=\"(max-width: 640px) 100vw, 640px\" \/>\t\t\t\t\t\t\t\t\t\t\t\t\t\t\t<\/div>\n\t\t\t\t<\/div>\n\t\t\t\t\t<\/div>\n\t\t<\/div>\n\t\t\t\t<div class=\"elementor-column elementor-col-50 elementor-top-column elementor-element elementor-element-87e4a41\" data-id=\"87e4a41\" data-element_type=\"column\" data-e-type=\"column\">\n\t\t\t<div class=\"elementor-widget-wrap elementor-element-populated\">\n\t\t\t\t\t\t<div class=\"elementor-element elementor-element-aa2fcd7 elementor-widget elementor-widget-text-editor\" data-id=\"aa2fcd7\" data-element_type=\"widget\" data-e-type=\"widget\" data-widget_type=\"text-editor.default\">\n\t\t\t\t<div class=\"elementor-widget-container\">\n\t\t\t\t\t\t\t\t\t<p><\/p>\n<p>Vous faites partie d&rsquo;un groupe et cherchez un lieu de r\u00e9p\u00e9tition, au calme mais sp\u00e9cialement am\u00e9nag\u00e9 pour le gros son et qui vous permettra enfin de lib\u00e9rer votre cr\u00e9ativit\u00e9 ?<\/p>\n<p>Le Garage Du Metal propose une salle de r\u00e9p\u00e9tition dans un studio \u00e9quip\u00e9 pour envoyer du lourd.<\/p>\t\t\t\t\t\t\t\t<\/div>\n\t\t\t\t<\/div>\n\t\t\t\t\t<\/div>\n\t\t<\/div>\n\t\t\t\t\t<\/div>\n\t\t<\/section>\n\t\t\t\t<section class=\"elementor-section elementor-top-section elementor-element elementor-element-2b28df7 elementor-section-boxed elementor-section-height-default elementor-section-height-default\" data-id=\"2b28df7\" data-element_type=\"section\" data-e-type=\"section\">\n\t\t\t\t\t\t<div class=\"elementor-container elementor-column-gap-default\">\n\t\t\t\t\t<div class=\"elementor-column elementor-col-100 elementor-top-column elementor-element elementor-element-a5ac8d0\" data-id=\"a5ac8d0\" data-element_type=\"column\" data-e-type=\"column\">\n\t\t\t<div class=\"elementor-widget-wrap elementor-element-populated\">\n\t\t\t\t\t\t<div class=\"elementor-element elementor-element-abc4944 elementor-align-right elementor-widget elementor-widget-button\" data-id=\"abc4944\" data-element_type=\"widget\" data-e-type=\"widget\" data-widget_type=\"button.default\">\n\t\t\t\t<div class=\"elementor-widget-container\">\n\t\t\t\t\t\t\t\t\t<div class=\"elementor-button-wrapper\">\n\t\t\t\t\t<a class=\"elementor-button elementor-button-link elementor-size-sm\" href=\"index.php\/local-de-repetition\/\">\n\t\t\t\t\t\t<span class=\"elementor-button-content-wrapper\">\n\t\t\t\t\t\t\t\t\t<span class=\"elementor-button-text\">En savoir  plus sur le local de r\u00e9p\u00e9tition<\/span>\n\t\t\t\t\t<\/span>\n\t\t\t\t\t<\/a>\n\t\t\t\t<\/div>\n\t\t\t\t\t\t\t\t<\/div>\n\t\t\t\t<\/div>\n\t\t\t\t\t<\/div>\n\t\t<\/div>\n\t\t\t\t\t<\/div>\n\t\t<\/section>\n\t\t\t\t<section class=\"elementor-section elementor-top-section elementor-element elementor-element-c133622 elementor-section-boxed elementor-section-height-default elementor-section-height-default\" data-id=\"c133622\" data-element_type=\"section\" data-e-type=\"section\">\n\t\t\t\t\t\t<div class=\"elementor-container elementor-column-gap-default\">\n\t\t\t\t\t<div class=\"elementor-column elementor-col-100 elementor-top-column elementor-element elementor-element-d70f408\" data-id=\"d70f408\" data-element_type=\"column\" data-e-type=\"column\">\n\t\t\t<div class=\"elementor-widget-wrap elementor-element-populated\">\n\t\t\t\t\t\t<div class=\"elementor-element elementor-element-2e4693f elementor-widget elementor-widget-heading\" data-id=\"2e4693f\" data-element_type=\"widget\" data-e-type=\"widget\" data-widget_type=\"heading.default\">\n\t\t\t\t<div class=\"elementor-widget-container\">\n\t\t\t\t\t<h3 class=\"elementor-heading-title elementor-size-default\">La source du mal<\/h3>\t\t\t\t<\/div>\n\t\t\t\t<\/div>\n\t\t\t\t<div class=\"elementor-element elementor-element-69dc788 elementor-widget__width-initial elementor-widget elementor-widget-text-editor\" data-id=\"69dc788\" data-element_type=\"widget\" data-e-type=\"widget\" data-widget_type=\"text-editor.default\">\n\t\t\t\t<div class=\"elementor-widget-container\">\n\t\t\t\t\t\t\t\t\t<p>Une passion pour le Metal et une soif d&rsquo;apprentissage de la guitare \u00e9lectrique, n\u00e9s \u00e0 l&rsquo;adolescence, ont du faire place \u00e0 un parcours professionnel intense. Compos\u00e9 de formations donn\u00e9es et de support apport\u00e9 aux autres pour leur permettre d&rsquo;atteindre leurs objectifs, celui-ci m&rsquo;a permis de me confronter \u00e0 diff\u00e9rentes cultures lors de nombreux voyages \u00e0 travers le monde.<\/p>\n<p>Quand l&rsquo;envie de poser mes valises fut venue, j&rsquo;ai alors cr\u00e9\u00e9, dans mon garage, un lieu d\u00e9di\u00e9 \u00e0 ma passion et \u00e0 mes valeurs de partage, de respect et de tol\u00e9rance.<\/p>\n<p>Le Garage Du Metal a ainsi vu le jour.<\/p>\n<p>Peace, Love &amp; Metal.<\/p>\n<p>Bab&rsquo;S<\/p>\t\t\t\t\t\t\t\t<\/div>\n\t\t\t\t<\/div>\n\t\t\t\t\t<\/div>\n\t\t<\/div>\n\t\t\t\t\t<\/div>\n\t\t<\/section>\n\t\t\t\t<section class=\"elementor-section elementor-top-section elementor-element elementor-element-61df079 elementor-section-boxed elementor-section-height-default elementor-section-height-default\" data-id=\"61df079\" data-element_type=\"section\" data-e-type=\"section\">\n\t\t\t\t\t\t<div class=\"elementor-container elementor-column-gap-default\">\n\t\t\t\t\t<div class=\"elementor-column elementor-col-100 elementor-top-column elementor-element elementor-element-d5b0601\" data-id=\"d5b0601\" data-element_type=\"column\" data-e-type=\"column\">\n\t\t\t<div class=\"elementor-widget-wrap elementor-element-populated\">\n\t\t\t\t\t\t<div class=\"elementor-element elementor-element-0ec42b7 elementor-widget elementor-widget-text-editor\" data-id=\"0ec42b7\" data-element_type=\"widget\" data-e-type=\"widget\" data-widget_type=\"text-editor.default\">\n\t\t\t\t<div class=\"elementor-widget-container\">\n\t\t\t\t\t\t\t\t\t01120 Dagneux, 01120 La Boisse, 01120 Montluel, 01120 Ni\u00e8vroz, 01120 Thil, 01120 Ni\u00e9vroz, 01120 Pizay, 01120 Sainte Croix\u00a0<br \/><br \/>01360 Balan, 01360 B\u00e9ligneux, 01360 Bressoles, 01360 Loyettes<br \/><br \/>01700 Beynost, 01700 Miribel, 01700 Neyron, 01700 Saint-Maurice de Beynost<br \/><br \/>01800 Saint-Maurice de Gourdans<br \/><br \/>38230 Charvieu Chavagneux, 38230 Chavanoz, 38230 Pont de Ch\u00e9ruy, 38230 Tigneu Jameyzieu<br \/><br \/>38280 Villette d&rsquo;Anthon, 38280 Anthon, 38280 Janneyrias<br \/><br \/>38290 Frontonas, 38290 La Verpill\u00e8re, 38290 Satolas et Bonce<br \/><br \/>69120 Vaulx en Velin<br \/><br \/>69124 Colombier Saugneu, 69125<br \/><br \/>69140 Rillieux la Pape<br \/><br \/>69150 Decines Charpieu<br \/><br \/>69330 Jonage, 69330 Jons, 69330 Meyzieu, 69330 Pusignan<br \/><br \/>69500 Bron<br \/><br \/>69680 Chassieu<br \/><br \/>69720 Saint-Bonnet de Mure, 69720 Saint-Laurent de Mure<br \/><br \/>69740 Genas<br \/><br \/>69800 Saint-Priest\t\t\t\t\t\t\t\t<\/div>\n\t\t\t\t<\/div>\n\t\t\t\t\t<\/div>\n\t\t<\/div>\n\t\t\t\t\t<\/div>\n\t\t<\/section>\n\t\t\t\t<\/div>\n\t\t","protected":false},"excerpt":{"rendered":"<p>Pr\u00e9sentation Envie d&rsquo;envoyer des gros riffs et des solos endiabl\u00e9s ? Vous aimeriez apprendre la guitare \u00e9lectrique pour jouer du Metal et trouver un professeur qui a fait de ce style sa passion ? Que vous soyez d\u00e9butant, interm\u00e9diaire ou confirm\u00e9, Le Garage Du Metal propose des cours adapt\u00e9s aux diff\u00e9rents niveaux et dans lesquels [&hellip;]<\/p>\n","protected":false},"author":5,"featured_media":0,"parent":0,"menu_order":0,"comment_status":"closed","ping_status":"closed","template":"elementor_header_footer","meta":{"footnotes":""},"class_list":["post-6","page","type-page","status-publish","hentry"],"_links":{"self":[{"href":"https:\/\/www.legaragedumetal.fr\/index.php\/wp-json\/wp\/v2\/pages\/6","targetHints":{"allow":["GET"]}}],"collection":[{"href":"https:\/\/www.legaragedumetal.fr\/index.php\/wp-json\/wp\/v2\/pages"}],"about":[{"href":"https:\/\/www.legaragedumetal.fr\/index.php\/wp-json\/wp\/v2\/types\/page"}],"author":[{"embeddable":true,"href":"https:\/\/www.legaragedumetal.fr\/index.php\/wp-json\/wp\/v2\/users\/5"}],"replies":[{"embeddable":true,"href":"https:\/\/www.legaragedumetal.fr\/index.php\/wp-json\/wp\/v2\/comments?post=6"}],"version-history":[{"count":253,"href":"https:\/\/www.legaragedumetal.fr\/index.php\/wp-json\/wp\/v2\/pages\/6\/revisions"}],"predecessor-version":[{"id":1701,"href":"https:\/\/www.legaragedumetal.fr\/index.php\/wp-json\/wp\/v2\/pages\/6\/revisions\/1701"}],"wp:attachment":[{"href":"https:\/\/www.legaragedumetal.fr\/index.php\/wp-json\/wp\/v2\/media?parent=6"}],"curies":[{"name":"wp","href":"https:\/\/api.w.org\/{rel}","templated":true}]}}